
Is 45 a factor of 2495783994?
False
Is 32 a factor of 32051430?
False
Is 7 a factor of 19847627?
False
Is 83944288 a multiple of 76?
False
Is 4375 a factor of 277472704?
False
Is 502 a factor of 2293355?
False
Does 324 divide 181817460?
True
Is 478 a factor of 48923778?
True
Is 730 a factor of 22791510?
False
Is 174196202 a multiple of 17?
False
Is 72512939 a multiple of 38?
False
Is 37870404 a multiple of 143?
True
Is 4211 a factor of 803084021?
True
Is 302931030 a multiple of 790?
True
Does 10 divide 22492130?
True
Is 86633808 a multiple of 48?
True
Is 374551444 a multiple of 74?
True
Does 11 divide 246661822?
True
Is 487 a factor of 74680122?
False
Is 2173 a factor of 4648170861?
True
Does 197 divide 93358497?
True
Is 23238484 a multiple of 13?
False
Is 31 a factor of 71543566?
False
Does 7 divide 3349010?
True
Is 95 a factor of 510572287?
False
Does 8 divide 98134480?
True
Is 1005 a factor of 462897015?
False
Is 56 a factor of 5083174?
False
Is 145139549 a multiple of 1157?
False
Does 202 divide 4686786?
False
Is 6 a factor of 868632389?
False
Is 136 a factor of 14918248?
True
Does 98 divide 13834888?
False
Is 1699911 a multiple of 19?
True
Does 7 divide 155073?
False
Does 2 divide 4167665?
False
Is 6 a factor of 14964402?
True
Is 1231028274 a multiple of 4788?
False
Is 122014756 a multiple of 556?
True
Is 901428969 a multiple of 2120?
False
Does 1515 divide 639330000?
True
Does 897 divide 472326386?
False
Does 326 divide 191948474?
True
Is 221800780 a multiple of 34?
False
Is 29 a factor of 149026209?
False
Is 22807983 a multiple of 12?
False
Is 61488097 a multiple of 258?
False
Does 601 divide 95667554?
False
Is 2210932943 a multiple of 289?
True
Is 26 a factor of 22468104?
False
Is 312 a factor of 464209449?
False
Is 204884940 a multiple of 386?
True
Does 150 divide 83520000?
True
Is 1638841260 a multiple of 1582?
True
Does 25 divide 9074150?
True
Is 73865850 a multiple of 2075?
True
Is 21338932 a multiple of 5?
False
Is 8846716 a multiple of 188?
True
Is 417169852 a multiple of 398?
False
Is 3 a factor of 5865175?
False
Is 1560 a factor of 202196401?
False
Is 176890440 a multiple of 3019?
False
Does 302 divide 118152970?
True
Is 9 a factor of 2118651408?
True
Is 24 a factor of 22697714?
False
Is 340391530 a multiple of 207?
False
Does 41 divide 205957011?
False
Is 385 a factor of 410523432?
False
Does 651 divide 5698360?
False
Is 1262 a factor of 266485182?
True
Does 31 divide 71290382?
False
Does 4839 divide 157262661?
True
Does 80 divide 927801704?
False
Does 5 divide 130136085?
True
Does 491 divide 31751566?
False
Is 261 a factor of 352620396?
True
Is 80837989 a multiple of 155?
False
Is 547742083 a multiple of 1988?
False
Is 28 a factor of 165124932?
True
Does 68 divide 8440908?
True
Does 16 divide 1365884976?
True
Is 11903086 a multiple of 21?
False
Is 10663537 a multiple of 6?
False
Does 2207 divide 4277166?
True
Is 19 a factor of 1082938494?
False
Does 94 divide 456305174?
False
Does 1483 divide 12351907?
True
Is 979 a factor of 32069692?
False
Is 74107062 a multiple of 94?
True
Is 137709980 a multiple of 290?
True
Does 19 divide 28652317?
False
Is 72 a factor of 76034851?
False
Does 7643 divide 2179638383?
True
Does 4 divide 2797400?
True
Does 2686 divide 1569891792?
True
Does 119 divide 945100856?
True
Does 125 divide 602521243?
False
Does 57 divide 72104601?
True
Is 3154588 a multiple of 41?
False
Is 233152012 a multiple of 92?
True
Is 4595 a factor of 426415897?
False
Is 8064891 a multiple of 11?
False
Does 18 divide 100313388?
True
Is 618 a factor of 651706956?
True
Does 65 divide 887557970?
True
Is 756804558 a multiple of 46?
True
Does 335 divide 65963845?
True
Is 10056192 a multiple of 24?
True
Is 8293082 a multiple of 15?
False
Does 910 divide 47251750?
True
Is 1064 a factor of 214071480?
True
Does 2534 divide 24952962?
False
Does 97 divide 14496116?
False
Is 132 a factor of 313374530?
False
Is 1769 a factor of 41603342?
True
Does 699 divide 53730189?
False
Is 282 a factor of 704092524?
True
Does 57 divide 595540717?
False
Is 115030732 a multiple of 2062?
True
Is 18 a factor of 867832830?
True
Is 1065128820 a multiple of 60?
True
Does 90 divide 5036013114?
False
Is 416942530 a multiple of 6229?
False
Does 247 divide 186250999?
False
Is 28 a factor of 231828072?
True
Does 6 divide 17179015?
False
Is 1714 a factor of 238043748?
True
Is 2808031876 a multiple of 23?
False
Is 633 a factor of 325430364?
True
Does 63 divide 9793791?
True
Is 6344 a factor of 178268135?
False
Does 176 divide 5248496?
True
Is 10 a factor of 54071446?
False
Is 495951840 a multiple of 16?
True
Does 244 divide 301707505?
False
Is 132 a factor of 192775968?
True
Is 17 a factor of 25888449?
False
Does 10 divide 109438860?
True
Is 2336 a factor of 15189668?
False
Does 2 divide 100985163?
False
Is 228 a factor of 58557922?
False
Is 316 a factor of 47101380?
True
Is 1466568 a multiple of 6?
True
Is 395 a factor of 102199140?
True
Does 1207 divide 762825207?
True
Is 59693482 a multiple of 313?
True
Is 22602227 a multiple of 128?
False
Does 3847 divide 2427823729?
False
Is 528217905 a multiple of 3162?
False
Is 2613 a factor of 137689630?
False
Is 87457824 a multiple of 29?
False
Is 60 a factor of 4495746216?
False
Does 5 divide 41163643?
False
Is 285889515 a multiple of 615?
True
Does 27 divide 12296988?
True
Is 60 a factor of 37917420?
True
Is 307 a factor of 723577993?
False
Does 1496 divide 43274792?
True
Does 15 divide 47081355?
True
Is 67 a factor of 11632434?
False
Does 226 divide 41317998?
True
Does 7 divide 58474975?
False
Does 7600 divide 3429494376?
False
Does 88 divide 3877544?
True
Is 2598 a factor of 540537282?
True
Is 201050892 a multiple of 63?
True
Does 37 divide 435678946?
False
Is 2087 a factor of 31474175?
False
Is 48 a factor of 36161773?
False
Does 3 divide 8912025?
True
Does 475 divide 96396566?
False
Is 22 a factor of 230150756?
True
Is 25419810 a multiple of 390?
True
Is 118253416 a multiple of 1191?
False
Is 51 a factor of 523411419?
True
Is 248 a factor of 99235464?
True
Does 247 divide 502034866?
False
Is 2 a factor of 112584959?
False
Does 37 divide 479864285?
True
Is 482222326 a multiple of 15?
False
Does 2398 divide 85474756?
False
Does 54 divide 459984906?
True
Is 575 a factor of 980777689?
False
Does 11 divide 1288860412?
False
Does 3161 divide 36089137?
True
Does 9 divide 429303198?
False
Is 15 a factor of 49449636?
False
Is 946550869 a multiple of 6387?
False
Is 12000819 a multiple of 428?
False
Is 108 a factor of 94043268?
True
Does 2 divide 19890773?
False
Does 4400 divide 881755600?
True
Is 184 a factor of 688374219?
False
Does 16 divide 24879916?
False
Is 485477250 a multiple of 15?
True
Is 102 a factor of 3648030?
True
Is 71515617 a multiple of 58?
False
Does 658 divide 69170234?
False
Does 23 divide 32071784?
False
Is 202 a factor of 139899619?
False
Does 221 divide 20247578?
True
Does 92 divide 432007896?
True
Does 3 divide 463738743?
True
Is 2147 a factor of 439787186?
True
Is 874632 a multiple of 132?
True
Does 61 divide 507280423?
False
Is 50704416 a multiple of 336?
True
Is 17307045 a multiple of 1762?
False
Does 103 divide 136680509?
False
Is 4359 a factor of 147015993?
True
Is 2442629255 a multiple of 145?
True
Is 147 a factor of 55704009?
False
Does 3797 divide 63239035?
True
Is 64699173 a multiple of 21?
True
Is 600 a factor of 66680400?
True
Is 6 a factor of 351580064?
False
Is 667 a factor of 767299458?
True
Is 9 a factor of 1202706?
True
Is 16052752 a multiple of 16?
True
Is 3 a factor of 14661808?
False
Is 11 a factor of 236048521?
False
Does 1632 divide 2302752?
True
Is 18629942 a multiple of 5?
False
Is 5 a factor of 173272340?
True
Does 48 divide 460237112?
False
Is 601887529 a multiple of 138?
False
Is 4581 a factor of 981460473?
False
Is 39724592 a multiple of 76?
True
Is 2843 a factor of 169977743?
False
Is 4551 a factor of 369944445?
False
Is 26 a factor of 4716345?
False
Is 74340110 a multiple of 487?
False
Is 2162310261 a multiple of 1434?
False
Is 34 a factor of 448510912?
False
Does 35 divide 2861081440?
True
Is 160 a factor of 2700320?
True
Does 10 divide 771068200?
True
Does 12 divide 108538068?
True
Is 19952030 even?
True
Is 621 a factor of 216745146?
True
Does 21 divide 1980243187?
F